a multiple of 881?
False
Is 5128 a factor of 145154241?
False
Does 145 divide 50858037?
False
Is 337 a factor of 15002566?
True
Does 1658 divide 566521815?
False
Is 120 a factor of 3037643079?
False
Is 4 a factor of 137069536?
True
Is 1195 a factor of 224660?
True
Is 1003545554 a multiple of 11582?
True
Is 1134 a factor of 952553196?
True
Is 31 a factor of 1019879076?
False
Does 172 divide 17110904?
True
Is 312074820 a multiple of 426?
True
Is 79376286 a multiple of 392?
False
Is 50 a factor of 1345084250?
True
Does 6 divide 20471340?
True
Is 439 a factor of 82905120?
False
Is 16 a factor of 390663232?
True
Is 2265816 a multiple of 28?
True
Is 1183 a factor of 161904960?
False
Does 35 divide 6027735?
True
Does 31 divide 28099050?
False
Is 806330078 a multiple of 174?
False
Is 285 a factor of 44676075?
False
Does 2492 divide 160387612?
True
Is 12182400 a multiple of 1845?
False
Does 44 divide 656593080?
True
Is 834422238 a multiple of 96?
False
Is 84 a factor of 3371027791?
False
Does 2222 divide 2651625922?
True
Does 57 divide 18759612?
True
Is 48786712 a multiple of 52?
True
Is 3006725100 a multiple of 131?
True
Is 166167242 a multiple of 509?
False
Is 39660952 a multiple of 548?
True
Is 731 a factor of 96897705?
True
Is 11 a factor of 1357811?
False
Is 229848300 a multiple of 3270?
True
Does 15 divide 3071371872?
False
Is 34393691 a multiple of 4?
False
Is 13976392 a multiple of 8?
True
Is 96 a factor of 377427936?
True
Is 256668808 a multiple of 44?
True
Is 6553 a factor of 4847182017?
True
Does 1591 divide 398760843?
False
Is 636 a factor of 55290427?
False
Is 37568600 a multiple of 100?
True
Is 53 a factor of 399417858?
True
Does 22 divide 586349324?
True
Is 365 a factor of 8724330?
False
Is 516999724 a multiple of 4?
True
Is 95095360 a multiple of 860?
True
Is 3209 a factor of 3239737978?
False
Is 125969823 a multiple of 1363?
True
Does 45 divide 12966516?
False
Does 15 divide 469393200?
True
Is 693754295 a multiple of 1112?
False
Is 181113261 a multiple of 147?
True
Does 43 divide 6540042?
True
Does 317 divide 1192682635?
False
Is 391 a factor of 39425659?
False
Does 7 divide 215963001?
False
Is 39 a factor of 708768446?
False
Does 103 divide 1618641?
False
Is 188703098 a multiple of 38?
True
Is 726 a factor of 4624562?
False
Does 153 divide 253146762?
True
Is 19 a factor of 4312202?
True
Is 14 a factor of 79897042?
False
Is 864 a factor of 920397331?
False
Does 12 divide 5808702072?
True
Is 13 a factor of 2919655791?
True
Does 20 divide 1019686856?
False
Does 1842 divide 305434036?
False
Does 1157 divide 1365619726?
False
Does 5 divide 4857255?
True
Does 252 divide 8408484?
True
Does 8 divide 49349680?
True
Does 7 divide 32266024?
True
Is 452 a factor of 3210556?
True
Is 1676 a factor of 514981168?
True
Is 46 a factor of 16750394?
True
Is 59 a factor of 13978235?
False
Is 20 a factor of 36253560?
True
Does 432 divide 12916368?
True
Is 633823432 a multiple of 22?
True
Is 204 a factor of 819494648?
False
Is 1513 a factor of 56421283?
True
Is 2409 a factor of 43383681?
True
Is 300 a factor of 39870300?
True
Is 36363054 a multiple of 41?
False
Is 987106092 a multiple of 141?
False
Does 7 divide 4008144?
True
Is 12 a factor of 35459256?
True
Does 12 divide 6332275?
False
Is 104 a factor of 11499440?
False
Is 74 a factor of 282974668?
True
Is 125 a factor of 729555500?
True
Is 4877566 a multiple of 38?
True
Is 843079901 a multiple of 21?
False
Is 175007980 a multiple of 14?
True
Is 1850781778 a multiple of 13?
False
Is 17056704 a multiple of 888?
True
Is 17208874 a multiple of 8?
False
Is 64 a factor of 67061568?
True
Is 845 a factor of 17198575?
False
Is 11 a factor of 1602681433?
False
Is 52341671 a multiple of 16?
False
Is 2167 a factor of 562873313?
False
Is 8 a factor of 29637099?
False
Is 37015911 a multiple of 307?
True
Is 79854694 a multiple of 8443?
False
Is 1924 a factor of 1591984785?
False
Is 774 a factor of 477120690?
True
Is 270 a factor of 246699874?
False
Does 4 divide 34758676?
True
Is 20309914 a multiple of 52?
False
Is 811 a factor of 12751665?
False
Is 196 a factor of 187215672?
True
Is 572366662 a multiple of 938?
True
Is 799 a factor of 880452457?
True
Is 612 a factor of 118522368?
True
Does 17 divide 99443353?
True
Is 22 a factor of 46996400?
True
Does 1523 divide 141504976?
True
Is 54 a factor of 7056737797?
False
Is 82049646 a multiple of 37?
True
Is 6187 a factor of 566098126?
True
Is 143 a factor of 303756997?
False
Is 158166549 a multiple of 65?
False
Is 11527040 a multiple of 83?
True
Is 2535242754 a multiple of 12?
False
Does 20 divide 5866414569?
False
Is 353373371 a multiple of 403?
True
Is 67747764 a multiple of 1717?
False
Is 80681520 a multiple of 270?
False
Is 37268824 a multiple of 9?
False
Is 83 a factor of 798425638?
True
Does 257 divide 234199677?
False
Does 1642 divide 339493352?
True
Is 373307535 a multiple of 81?
True
Is 291968413 a multiple of 42?
False
Is 50899602 a multiple of 26?
True
Does 85 divide 1653543?
False
Does 29 divide 29127337?
False
Is 15701186 a multiple of 7?
False
Is 231901040 a multiple of 5?
True
Is 6338808 a multiple of 16?
False
Is 315081193 a multiple of 991?
False
Is 8928045 a multiple of 2?
False
Is 188 a factor of 8638976?
True
Is 378 a factor of 80095004?
False
Does 20 divide 12023560?
True
Is 177406556 a multiple of 33?
False
Is 108385020 a multiple of 18?
True
Is 14 a factor of 204118175?
False
Is 439701802 a multiple of 89?
False
Is 2382527934 a multiple of 18?
True
Is 14 a factor of 68756950?
False
Is 1989785923 a multiple of 25?
False
Is 954886866 a multiple of 146?
True
Does 4433 divide 116817655?
False
Is 1530984182 a multiple of 203?
True
Is 5 a factor of 11566639?
False
Does 10 divide 1646644880?
True
Does 93 divide 207962303?
False
Is 96 a factor of 3647328?
True
Is 1367 a factor of 1416291286?
True
Does 11 divide 290020302?
True
Is 2846854 a multiple of 527?
True
Does 31 divide 64358251?
False
Does 129 divide 992624685?
True
Does 46 divide 108920272?
True
Does 550 divide 729800500?
True
Is 415342025 a multiple of 177?
False
Does 86 divide 30899198?
True
Does 24 divide 1287009456?
True
Does 1307 divide 179929167?
False
Is 339932254 a multiple of 40?
False
Does 92 divide 309665799?
False
Is 8 a factor of 16125616?
True
Does 6 divide 61769484?
True
Does 15 divide 227621502?
False
Is 18 a factor of 412080587?
False
Does 444 divide 9346644?
True
Is 1311 a factor of 365110878?
True
Is 151548915 a multiple of 735?
True
Is 8487614 a multiple of 62?
True
Does 17 divide 27080915?
True
Does 51 divide 66909121?
False
Does 936 divide 1291527432?
True
Is 8711659 a multiple of 366?
False
Does 82 divide 1439319438?
False
Is 6 a factor of 15775626?
True
Is 230598899 a multiple of 4733?
False
Is 130476589 a multiple of 281?
False
Is 84 a factor of 116401656?
True
Is 119942398 a multiple of 151?
False
Is 30156008 a multiple of 146?
True
Does 30 divide 2966020490?
False
Does 2902 divide 27975060?
False
Is 658541058 a multiple of 65?
False
Is 26366757 a multiple of 8?
False
Is 868 a factor of 318478181?
False
Is 2754556436 a multiple of 404?
True
Is 418 a factor of 29447088?
False
Does 258 divide 22432642?
False
Is 4483030356 a multiple of 14?
True
Is 221195340 a multiple of 540?
True
Is 244767142 a multiple of 1832?
False
Does 1696 divide 16083168?
True
Does 1065 divide 719830783?
False
Does 113 divide 1195262585?
True
Does 16 divide 82174048?
True
Does 4573 divide 1259934160?
False
Does 160 divide 487121662?
False
Is 1302 a factor of 8716512?
False
Is 85 a factor of 44332869?
False
Is 549 a factor of 80632470?
False
Is 929294245 a multiple of 1014?
False
Is 90065257 a multiple of 20?
False
Is 3120 a factor of 48204000?
True
Is 7 a factor of 13849154?
False
Is 6269199607 a multiple of 121?
True
Does 230 divide 532304640?
True
Is 264524865 a multiple of 5?
True
Does 263 divide 66205147?
False
Is 258349086 a multiple of 473?
False
Is 12677987 a multiple of 7?
True
Does 166 divide 178456142?
True
Does 576 divide 608844022?
False
Does 11 divide 45591117?
True
Is 142 a factor of 582652484?
False
Does 824 divide 75914322?
False
Is 272076092 a multiple of 1124?
False
Does 620 divide 44613960?
True
Is 67309387 a multiple of 3?
False
Is 1696735392 a multiple of 132?
True
Does 12 divid